the remainder when 3348 is divided by 197.
196
What is the remainder when 364 is divided by 92?
88
Calculate the remainder when 326 is divided by 81.
2
Calculate the remainder when 184 is divided by 22.
8
What is the remainder when 7276 is divided by 43?
9
What is the remainder when 162 is divided by 55?
52
What is the remainder when 184 is divided by 65?
54
Calculate the remainder when 493 is divided by 63.
52
Calculate the remainder when 190 is divided by 24.
22
Calculate the remainder when 292 is divided by 41.
5
Calculate the remainder when 112 is divided by 30.
22
What is the remainder when 178 is divided by 77?
24
Calculate the remainder when 113 is divided by 59.
54
What is the remainder when 43666 is divided by 18?
16
What is the remainder when 2876 is divided by 16?
12
What is the remainder when 13447 is divided by 82?
81
What is the remainder when 1567 is divided by 32?
31
Calculate the remainder when 2231 is divided by 314.
33
What is the remainder when 148 is divided by 132?
16
Calculate the remainder when 1906 is divided by 22.
14
What is the remainder when 123 is divided by 12?
3
What is the remainder when 69 is divided by 36?
33
What is the remainder when 699 is divided by 43?
11
What is the remainder when 1297 is divided by 10?
7
What is the remainder when 377 is divided by 54?
53
What is the remainder when 685 is divided by 169?
9
Calculate the remainder when 111 is divided by 4.
3
What is the remainder when 366 is divided by 75?
66
Calculate the remainder when 647 is divided by 58.
9
Calculate the remainder when 154 is divided by 37.
6
Calculate the remainder when 1928 is divided by 21.
17
Calculate the remainder when 171 is divided by 59.
53
Calculate the remainder when 93 is divided by 12.
9
Calculate the remainder when 6209 is divided by 6.
5
Calculate the remainder when 4002 is divided by 45.
42
What is the remainder when 2456 is divided by 814?
14
Calculate the remainder when 29535 is divided by 26.
25
What is the remainder when 173 is divided by 26?
17
What is the remainder when 463 is divided by 2?
1
What is the remainder when 91 is divided by 81?
10
What is the remainder when 130 is divided by 47?
36
Calculate the remainder when 489 is divided by 238.
13
Calculate the remainder when 3022 is divided by 24.
22
Calculate the remainder when 688 is divided by 35.
23
Calculate the remainder when 719 is divided by 24.
23
What is the remainder when 120 is divided by 74?
46
What is the remainder when 107 is divided by 37?
33
Calculate the remainder when 50 is divided by 6.
2
Calculate the remainder when 322 is divided by 22.
14
Calculate the remainder when 240 is divided by 83.
74
Calculate the remainder when 1899 is divided by 10.
9
Calculate the remainder when 57 is divided by 6.
3
Calculate the remainder when 36 is divided by 25.
11
Calculate the remainder when 319 is divided by 5.
4
Calculate the remainder when 52 is divided by 18.
16
Calculate the remainder when 443 is divided by 41.
33
What is the remainder when 81 is divided by 33?
15
What is the remainder when 1437 is divided by 24?
21
What is the remainder when 2718 is divided by 17?
15
What is the remainder when 111 is divided by 49?
13
What is the remainder when 621 is divided by 39?
36
What is the remainder when 115 is divided by 46?
23
What is the remainder when 263 is divided by 148?
115
Calculate the remainder when 1990 is divided by 42.
16
What is the remainder when 472 is divided by 155?
7
Calculate the remainder when 376 is divided by 14.
12
What is the remainder when 40 is divided by 8?
0
What is the remainder when 1974 is divided by 26?
24
What is the remainder when 555 is divided by 140?
135
What is the remainder when 357 is divided by 8?
5
What is the remainder when 19 is divided by 16?
3
Calculate the remainder when 1305 is divided by 492.
321
Calculate the remainder when 245 is divided by 19.
17
What is the remainder when 516 is divided by 177?
162
What is the remainder when 300 is divided by 61?
56
Calculate the remainder when 1479 is divided by 38.
35
What is the remainder when 42425 is divided by 18?
17
What is the remainder when 647 is divided by 21?
17
Calculate the remainder when 266 is divided by 75.
41
Calculate the remainder when 2149 is divided by 40.
29
Calculate the remainder when 203 is divided by 12.
11
Calculate the remainder when 96 is divided by 29.
9
Calculate the remainder when 4413 is divided by 277.
258
Calculate the remainder when 677 is divided by 10.
7
What is the remainder when 5256 is divided by 11?
9
What is the remainder when 20941 is divided by 16?
13
What is the remainder when 1860 is divided by 19?
17
What is the remainder when 5409 is divided by 66?
63
What is the remainder when 40 is divided by 22?
18
Calculate the remainder when 3449 is divided by 25.
24
Calculate the remainder when 1969 is divided by 33.
22
Calculate the remainder when 46 is divided by 37.
9
What is the remainder when 333 is divided by 325?
8
Calculate the remainder when 736 is divided by 120.
16
Calculate the remainder when 2091 is divided by 14.
5
Calculate the remainder when 489 is divided by 31.
24
Calculate the remainder when 300 is divided by 7.
6
Calculate the remainder when 1039 is divided by 209.
203
What is the remainder when 130 is divided by 51?
28
Calculate the remainder when 1113 is divided by 9.
6
Calculate the remainder when 315 is divided by 159.
156
What is the remainder when 2880 is divided by 131?
129
Calculate the remainder when 519 is divided by 59.
47
Calculate the remainder when 471 is divided by 118.
117
Calculate the remainder when 58 is divided by 16.
10
What is the remainder when 180 is divided by 84?
12
Calculate the remainder when 651 is divided by 322.
7
What is the remainder when 1474 is divided by 59?
58
Calculate the remainder when 277 is divided by 93.
91
Calculate the remainder when 81 is divided by 14.
11
What is the remainder when 509 is divided by 158?
35
Calculate the remainder when 161 is divided by 82.
79
Calculate the remainder when 726 is divided by 9.
6
What is the remainder when 163 is divided by 59?
45
What is the remainder when 74 is divided by 59?
15
Calculate the remainder when 2377 is divided by 183.
181
Calculate the remainder when 65 is divided by 64.
1
Calculate the remainder when 5771 is divided by 39.
38
Calculate the remainder when 416 is divided by 10.
6
Calculate the remainder when 127 is divided by 29.
11
Calculate the remainder when 1243 is divided by 410.
13
Calculate the remainder when 1344 is divided by 54.
48
Calculate the remainder when 90 is divided by 26.
12
What is the remainder when 168 is divided by 40?
8
What is the remainder when 530 is divided by 165?
35
What is the remainder when 50 is divided by 24?
2
Calculate the remainder when 78 is divided by 57.
21
What is the remainder when 175 is divided by 56?
7
Calculate the remainder when 19 is divided by 11.
8
Calculate the remainder when 3723 is divided by 69.
66
Calculate the remainder when 4466 is divided by 18.
2
Calculate the remainder when 173 is divided by 162.
11
Calculate the remainder when 968 is divided by 312.
32
What is the remainder when 1007 is divided by 48?
47
Calculate the remainder when 880 is divided by 225.
205
Calculate the remainder when 475 is divided by 12.
7
What is the remainder when 5840 is divided by 99?
98
Calculate the remainder when 947 is divided by 157.
5
Calculate the remainder when 417 is divided by 15.
12
What is the remainder when 151 is divided by 9?
7
What is the remainder when 33410 is divided by 37?
36
What is the remainder when 34882 is divided by 171?
169
What is the remainder when 56 is divided by 12?
8
Calculate the remainder when 4640 is divided by 9.
5
What is the remainder when 306 is divided by 14?
12
What is the remainder when 115 is divided by 12?
7
What is the remainder when 66 is divided by 10?
6
Calculate the remainder when 2177 is divided by 1086.
5
What is the remainder when 83 is divided by 33?
17
Calculate the remainder when 399 is divided by 165.
69
What is the remainder when 226 is divided by 19?
17
What is the remainder when 7737 is divided by 30?
27
Calculate the remainder when 1145 is divided by 26.
1
What is the remainder when 575 is divided by 65?
55
Calculate the